--
-- Host: localhost    Database: mailing_system
-- ------------------------------------------------------


--
-- Table structure for table `infodata`
--

CREATE TABLE `infodata` (
  `id` int NOT NULL AUTO_INCREMENT,
  `domain_path` varchar(255) NOT NULL,
  `final_link` varchar(255) NOT NULL,
  `send_status` varchar(255) NOT NULL,
  `inbox_status` varchar(50) DEFAULT 'unknown',
  `created_at` datetime DEFAULT CURRENT_TIMESTAMP,
  `subject_key` varchar(255) DEFAULT NULL,
  PRIMARY KEY (`id`)
) ENGINE=InnoDB AUTO_INCREMENT=3212 DEFAULT CHARSET=utf8mb4 COLLATE=utf8mb4_0900_ai_ci;

--
-- Dumping data for table `infodata`
--

INSERT INTO `infodata` VALUES (14,'/home/u265742012/domains/woodsconstructionpa.com/public_html','https://woodsconstructionpa.com/1741802479_487444.php','send:ok','fail_inbox','2025-03-12 19:09:16','IMAPKEY-14-1741868456'),(68,'/home/u354819907/domains/dope.global/public_html','https://dope.global/1741802479_487444.php','send:ok','inbox','2025-03-12 19:10:36','IMAPKEY-68-1741868457'),(105,'/home/u897829864/domains/clinicalpharmacycourses.com/public_html','https://clinicalpharmacycourses.com/1741802479_487444.php','send:ok','inbox','2025-03-12 19:11:59','IMAPKEY-105-1741868459'),(106,'/home/u897829864/domains/petscaremart.com/public_html','https://petscaremart.com/1741802479_487444.php','send:ok','inbox','2025-03-12 19:11:59','IMAPKEY-106-1741868460'),(107,'/home/u897829864/domains/speedcomputers.ca/public_html','https://speedcomputers.ca/1741802479_487444.php','send:ok','inbox','2025-03-12 19:11:59','IMAPKEY-107-1741868461'),(108,'/home/u897829864/domains/theeasylifeco.com/public_html','https://theeasylifeco.com/1741802479_487444.php','send:ok','inbox','2025-03-12 19:11:59','IMAPKEY-108-1741868462'),(171,'/home/u247666304/domains/abgtechservices.in/public_html','https://abgtechservices.in/1741802479_487444.php','send:ok','inbox','2025-03-12 19:13:00','IMAPKEY-171-1741868463'),(172,'/home/u247666304/domains/dktraders.in/public_html','https://dktraders.in/1741802479_487444.php','send:ok','inbox','2025-03-12 19:13:00','IMAPKEY-172-1741868464'),(174,'/home/u247666304/domains/paduka.shop/public_html','https://paduka.shop/1741802479_487444.php','send:ok','inbox','2025-03-12 19:13:00','IMAPKEY-174-1741868465'),(175,'/home/u247666304/domains/rgkmp.edu.in/public_html','https://rgkmp.edu.in/1741802479_487444.php','send:ok','inbox','2025-03-12 19:13:00','IMAPKEY-175-1741868466'),(176,'/home/u247666304/domains/smchichpalli.edu.in/public_html','https://smchichpalli.edu.in/1741802479_487444.php','send:ok','inbox','2025-03-12 19:13:00','IMAPKEY-176-1741868467'),(204,'/home/u247666304/domains/abgtechservices.in/public_html','https://abgtechservices.in/1741802479_487444.php','send:ok','inbox','2025-03-12 19:13:12','IMAPKEY-204-1741868468'),(205,'/home/u247666304/domains/dktraders.in/public_html','https://dktraders.in/1741802479_487444.php','send:ok','inbox','2025-03-12 19:13:12','IMAPKEY-205-1741868468'),(208,'/home/u247666304/domains/paduka.shop/public_html','https://paduka.shop/1741802479_487444.php','send:ok','inbox','2025-03-12 19:13:12','IMAPKEY-208-1741868469'),(209,'/home/u247666304/domains/rgkmp.edu.in/public_html','https://rgkmp.edu.in/1741802479_487444.php','send:ok','inbox','2025-03-12 19:13:12','IMAPKEY-209-1741868470'),(210,'/home/u247666304/domains/smchichpalli.edu.in/public_html','https://smchichpalli.edu.in/1741802479_487444.php','send:ok','inbox','2025-03-12 19:13:12','IMAPKEY-210-1741868471'),(245,'/home/u265742012/domains/georgewoodsteam.com/public_html','https://georgewoodsteam.com/1741804662_487444.php','send:ok','inbox','2025-03-12 19:13:40','IMAPKEY-245-1741868472'),(246,'/home/u265742012/domains/woodsconstructionpa.com/public_html','https://woodsconstructionpa.com/1741804662_487444.php','send:ok','inbox','2025-03-12 19:13:40','IMAPKEY-246-1741868473'),(307,'/home/u265742012/domains/georgewoodsteam.com/public_html','https://georgewoodsteam.com/1741804662_487444.php','send:ok','inbox','2025-03-12 19:15:01','IMAPKEY-307-1741868474'),(308,'/home/u265742012/domains/woodsconstructionpa.com/public_html','https://woodsconstructionpa.com/1741804662_487444.php','send:ok','inbox','2025-03-12 19:15:01','IMAPKEY-308-1741868475'),(511,'/home/u897829864/domains/clinicalpharmacycourses.com/public_html','https://clinicalpharmacycourses.com/1741804662_487444.php','send:ok','inbox','2025-03-12 19:17:10','IMAPKEY-511-1741868476'),(512,'/home/u897829864/domains/petscaremart.com/public_html','https://petscaremart.com/1741804662_487444.php','send:ok','inbox','2025-03-12 19:17:10','IMAPKEY-512-1741868476'),(514,'/home/u897829864/domains/successrecruitmentservices.org/public_html','https://successrecruitmentservices.org/1741804662_487444.php','send:ok','inbox','2025-03-12 19:17:10','IMAPKEY-514-1741868477'),(701,'/home/u265742012/domains/georgewoodsteam.com/public_html','https://georgewoodsteam.com/1741805033_487444.php','send:ok','inbox','2025-03-12 19:19:55','IMAPKEY-701-1741868478'),(702,'/home/u265742012/domains/woodsconstructionpa.com/public_html','https://woodsconstructionpa.com/1741805033_487444.php','send:ok','inbox','2025-03-12 19:19:55','IMAPKEY-702-1741868479'),(880,'/home/u265742012/domains/georgewoodsteam.com/public_html','https://georgewoodsteam.com/1741805033_487444.php','send:ok','inbox','2025-03-12 19:21:41','IMAPKEY-880-1741868480'),(881,'/home/u265742012/domains/woodsconstructionpa.com/public_html','https://woodsconstructionpa.com/1741805033_487444.php','send:ok','inbox','2025-03-12 19:21:41','IMAPKEY-881-1741868481'),(885,'/home/u354819907/domains/dope.global/public_html','https://dope.global/1741805033_487444.php','send:ok','inbox','2025-03-12 19:21:51','IMAPKEY-885-1741868482'),(970,'/home/u897829864/domains/clinicalpharmacycourses.com/public_html','https://clinicalpharmacycourses.com/1741805033_487444.php','send:ok','inbox','2025-03-12 19:23:07','IMAPKEY-970-1741868483'),(971,'/home/u897829864/domains/petscaremart.com/public_html','https://petscaremart.com/1741805033_487444.php','send:ok','inbox','2025-03-12 19:23:07','IMAPKEY-971-1741868484'),(972,'/home/u897829864/domains/successrecruitmentservices.org/public_html','https://successrecruitmentservices.org/1741805033_487444.php','send:ok','inbox','2025-03-12 19:23:07','IMAPKEY-972-1741868484'),(973,'/home/u897829864/domains/theeasylifeco.com/public_html','https://theeasylifeco.com/1741805033_487444.php','send:ok','inbox','2025-03-12 19:23:07','IMAPKEY-973-1741868485'),(1008,'/home/u897829864/domains/clinicalpharmacycourses.com/public_html','https://clinicalpharmacycourses.com/1741805033_487444.php','send:ok','inbox','2025-03-12 19:24:09','IMAPKEY-1008-1741868486'),(1009,'/home/u897829864/domains/petscaremart.com/public_html','https://petscaremart.com/1741805033_487444.php','send:ok','spam','2025-03-12 19:24:09','IMAPKEY-1009-1741868487'),(1010,'/home/u897829864/domains/speedcomputers.ca/public_html','https://speedcomputers.ca/1741805033_487444.php','send:ok','spam','2025-03-12 19:24:09','IMAPKEY-1010-1741868488'),(1011,'/home/u897829864/domains/successrecruitmentservices.org/public_html','https://successrecruitmentservices.org/1741805033_487444.php','send:ok','spam','2025-03-12 19:24:09','IMAPKEY-1011-1741868488'),(1111,'/home/u247666304/domains/abgtechservices.in/public_html','https://abgtechservices.in/1741805033_487444.php','send:ok','inbox','2025-03-12 19:25:27','IMAPKEY-1111-1741868489'),(1112,'/home/u247666304/domains/dktraders.in/public_html','https://dktraders.in/1741805033_487444.php','send:ok','inbox','2025-03-12 19:25:27','IMAPKEY-1112-1741868490'),(1114,'/home/u247666304/domains/nagpurrealproperty.site/public_html','https://nagpurrealproperty.site/1741805033_487444.php','send:ok','inbox','2025-03-12 19:25:27','IMAPKEY-1114-1741868490'),(1115,'/home/u247666304/domains/paduka.shop/public_html','https://paduka.shop/1741805033_487444.php','send:ok','spam','2025-03-12 19:25:27','IMAPKEY-1115-1741868491'),(1116,'/home/u247666304/domains/rgkmp.edu.in/public_html','https://rgkmp.edu.in/1741805033_487444.php','send:ok','spam','2025-03-12 19:25:27','IMAPKEY-1116-1741868492'),(1117,'/home/u247666304/domains/smchichpalli.edu.in/public_html','https://smchichpalli.edu.in/1741805033_487444.php','send:ok','spam','2025-03-12 19:25:27','IMAPKEY-1117-1741868493'),(1119,'/home/u247666304/domains/abgtechservices.in/public_html','https://abgtechservices.in/1741805033_487444.php','send:ok','spam','2025-03-12 19:25:49','IMAPKEY-1119-1741868493'),(1120,'/home/u247666304/domains/dktraders.in/public_html','https://dktraders.in/1741805033_487444.php','send:ok','spam','2025-03-12 19:25:49','IMAPKEY-1120-1741868494'),(1122,'/home/u247666304/domains/nagpurrealproperty.site/public_html','https://nagpurrealproperty.site/1741805033_487444.php','send:ok','spam','2025-03-12 19:25:49','IMAPKEY-1122-1741868494'),(1123,'/home/u247666304/domains/paduka.shop/public_html','https://paduka.shop/1741805033_487444.php','send:ok','spam','2025-03-12 19:25:49','IMAPKEY-1123-1741868495'),(1125,'/home/u247666304/domains/smchichpalli.edu.in/public_html','https://smchichpalli.edu.in/1741805033_487444.php','send:ok','spam','2025-03-12 19:25:49','IMAPKEY-1125-1741868495'),(1177,'/home/u265742012/domains/georgewoodsteam.com/public_html','https://georgewoodsteam.com/1741806480_487444.php','send:ok','inbox','2025-03-12 19:26:50','IMAPKEY-1177-1741868496'),(1178,'/home/u265742012/domains/woodsconstructionpa.com/public_html','https://woodsconstructionpa.com/1741806480_487444.php','send:ok','inbox','2025-03-12 19:26:50','IMAPKEY-1178-1741868497'),(1469,'/home/u265742012/domains/georgewoodsteam.com/public_html','https://georgewoodsteam.com/1741806480_487444.php','send:ok','inbox','2025-03-12 19:28:10','IMAPKEY-1469-1741868498'),(1470,'/home/u265742012/domains/woodsconstructionpa.com/public_html','https://woodsconstructionpa.com/1741806480_487444.php','send:ok','inbox','2025-03-12 19:28:10','IMAPKEY-1470-1741868499'),(1518,'/home/u354819907/domains/dope.global/public_html','https://dope.global/1741806480_487444.php','send:ok','inbox','2025-03-12 19:29:43','IMAPKEY-1518-1741868499'),(1611,'/home/u354819907/domains/dope.global/public_html','https://dope.global/1741806480_487444.php','send:ok','inbox','2025-03-12 19:31:15','IMAPKEY-1611-1741868500'),(1668,'/home/u247666304/domains/abgtechservices.in/public_html','https://abgtechservices.in/1741806480_487444.php','send:ok','spam','2025-03-12 19:31:53','IMAPKEY-1668-1741868501'),(1669,'/home/u247666304/domains/dktraders.in/public_html','https://dktraders.in/1741806480_487444.php','send:ok','spam','2025-03-12 19:31:53','IMAPKEY-1669-1741868502'),(1671,'/home/u247666304/domains/nagpurrealproperty.site/public_html','https://nagpurrealproperty.site/1741806480_487444.php','send:ok','spam','2025-03-12 19:31:53','IMAPKEY-1671-1741868502'),(1672,'/home/u247666304/domains/paduka.shop/public_html','https://paduka.shop/1741806480_487444.php','send:ok','spam','2025-03-12 19:31:53','IMAPKEY-1672-1741868503'),(1673,'/home/u247666304/domains/rgkmp.edu.in/public_html','https://rgkmp.edu.in/1741806480_487444.php','send:ok','spam','2025-03-12 19:31:53','IMAPKEY-1673-1741868503'),(1774,'/home/u897829864/domains/clinicalpharmacycourses.com/public_html','https://clinicalpharmacycourses.com/1741806480_487444.php','send:ok','spam','2025-03-12 19:32:50','IMAPKEY-1774-1741868504'),(1775,'/home/u897829864/domains/petscaremart.com/public_html','https://petscaremart.com/1741806480_487444.php','send:ok','spam','2025-03-12 19:32:50','IMAPKEY-1775-1741868505'),(1777,'/home/u897829864/domains/successrecruitmentservices.org/public_html','https://successrecruitmentservices.org/1741806480_487444.php','send:ok','spam','2025-03-12 19:32:50','IMAPKEY-1777-1741868505'),(1778,'/home/u897829864/domains/theeasylifeco.com/public_html','https://theeasylifeco.com/1741806480_487444.php','send:ok','spam','2025-03-12 19:32:50','IMAPKEY-1778-1741868506'),(1895,'/home/u247666304/domains/abgtechservices.in/public_html','https://abgtechservices.in/1741806480_487444.php','send:ok','spam','2025-03-12 19:33:32','IMAPKEY-1895-1741868506'),(1896,'/home/u247666304/domains/dktraders.in/public_html','https://dktraders.in/1741806480_487444.php','send:ok','spam','2025-03-12 19:33:32','IMAPKEY-1896-1741868507'),(1898,'/home/u247666304/domains/nagpurrealproperty.site/public_html','https://nagpurrealproperty.site/1741806480_487444.php','send:ok','spam','2025-03-12 19:33:32','IMAPKEY-1898-1741868508'),(1899,'/home/u247666304/domains/paduka.shop/public_html','https://paduka.shop/1741806480_487444.php','send:ok','spam','2025-03-12 19:33:32','IMAPKEY-1899-1741868508'),(1900,'/home/u247666304/domains/rgkmp.edu.in/public_html','https://rgkmp.edu.in/1741806480_487444.php','send:ok','spam','2025-03-12 19:33:32','IMAPKEY-1900-1741868509'),(1901,'/home/u247666304/domains/smchichpalli.edu.in/public_html','https://smchichpalli.edu.in/1741806480_487444.php','send:ok','spam','2025-03-12 19:33:32','IMAPKEY-1901-1741868509'),(2952,'/home/u985365567/domains/ligueechecsgrandest.fr/public_html','https://ligueechecsgrandest.fr/1741885889_487444.php','send:ok','spam','2025-03-13 17:11:59','IMAPKEY-2952-1741888330'),(2953,'/home/u149449939/domains/flamingomedics.co.uk/public_html','https://flamingomedics.co.uk/1741885889_487444.php','send:ok','inbox','2025-03-13 17:12:18','IMAPKEY-2953-1741888330'),(2954,'/home/u725612261/domains/bizeknowledge.com/public_html','https://bizeknowledge.com/1741885889_487444.php','send:ok','spam','2025-03-13 17:12:20','IMAPKEY-2954-1741888331'),(2955,'/home/u725612261/domains/leanbodygoods.com/public_html','https://leanbodygoods.com/1741885889_487444.php','send:ok','spam','2025-03-13 17:12:20','IMAPKEY-2955-1741888332'),(2956,'/home/u873307704/domains/hanincruit.com/public_html','https://hanincruit.com/1741885889_487444.php','send:ok','spam','2025-03-13 17:12:20','IMAPKEY-2956-1741888333'),(2957,'/home/u873307704/domains/koreajobmarket.com/public_html','https://koreajobmarket.com/1741885889_487444.php','send:ok','spam','2025-03-13 17:12:20','IMAPKEY-2957-1741888334'),(2958,'/home/u938791071/domains/dogmamastore.com/public_html','https://dogmamastore.com/1741885889_487444.php','send:ok','spam','2025-03-13 17:12:27','IMAPKEY-2958-1741888334'),(2959,'/home/u938791071/domains/hanumanstories.com/public_html','https://hanumanstories.com/1741885889_487444.php','send:ok','spam','2025-03-13 17:12:27','IMAPKEY-2959-1741888335'),(2960,'/home/u824499466/domains/ews.simlearningtech.com/public_html','https://ews.simlearningtech.com/1741885889_487444.php','send:ok','inbox','2025-03-13 17:12:30','IMAPKEY-2960-1741888336'),(2961,'/home/u824499466/domains/simlearningtech.com/public_html','https://simlearningtech.com/1741885889_487444.php','send:ok','inbox','2025-03-13 17:12:30','IMAPKEY-2961-1741888336'),(2962,'/home/u760091328/domains/mitrabusinesssolution.com/public_html','https://mitrabusinesssolution.com/1741885889_487444.php','send:ok','inbox','2025-03-13 17:12:43','IMAPKEY-2962-1741888337'),(2963,'/home/u760091328/domains/mitrabusinesssolution.com/public_html','https://mitrabusinesssolution.com/1741885889_487444.php','send:ok','inbox','2025-03-13 17:12:43','IMAPKEY-2963-1741888338'),(2964,'/home/u366254976/domains/ivonemoser.com.br/public_html','https://ivonemoser.com.br/1741885889_487444.php','send:ok','inbox','2025-03-13 17:12:50','IMAPKEY-2964-1741888339'),(2965,'/home/u149449939/domains/flamingomedics.co.uk/public_html','https://flamingomedics.co.uk/1741885889_487444.php','send:ok','inbox','2025-03-13 17:12:53','IMAPKEY-2965-1741888340'),(2966,'/home/u366254976/domains/ivonemoser.com.br/public_html','https://ivonemoser.com.br/1741885889_487444.php','send:ok','inbox','2025-03-13 17:12:54','IMAPKEY-2966-1741888341'),(2967,'/home/u760091328/domains/mitrabusinesssolution.com/public_html','https://mitrabusinesssolution.com/1741885889_487444.php','send:ok','inbox','2025-03-13 17:13:42','IMAPKEY-2967-1741888341'),(2968,'/home/u366254976/domains/ivonemoser.com.br/public_html','https://ivonemoser.com.br/1741885889_487444.php','send:ok','inbox','2025-03-13 17:13:43','IMAPKEY-2968-1741888342'),(2969,'/home/u985365567/domains/ligueechecsgrandest.fr/public_html','https://ligueechecsgrandest.fr/1741886027_487444.php','send:ok','spam','2025-03-13 17:26:16','IMAPKEY-2969-1741888343'),(2970,'/home/u725612261/domains/bizeknowledge.com/public_html','https://bizeknowledge.com/1741886027_487444.php','send:ok','spam','2025-03-13 17:26:36','IMAPKEY-2970-1741888343'),(2971,'/home/u725612261/domains/leanbodygoods.com/public_html','https://leanbodygoods.com/1741886027_487444.php','send:ok','spam','2025-03-13 17:26:36','IMAPKEY-2971-1741888344'),(2972,'/home/u873307704/domains/hanincruit.com/public_html','https://hanincruit.com/1741886027_487444.php','send:ok','spam','2025-03-13 17:26:39','IMAPKEY-2972-1741888345'),(2973,'/home/u873307704/domains/koreajobmarket.com/public_html','https://koreajobmarket.com/1741886027_487444.php','send:ok','spam','2025-03-13 17:26:39','IMAPKEY-2973-1741888346'),(2974,'/home/u938791071/domains/dogmamastore.com/public_html','https://dogmamastore.com/1741886027_487444.php','send:ok','spam','2025-03-13 17:26:46','IMAPKEY-2974-1741888346'),(2975,'/home/u938791071/domains/hanumanstories.com/public_html','https://hanumanstories.com/1741886027_487444.php','send:ok','spam','2025-03-13 17:26:46','IMAPKEY-2975-1741888347'),(2976,'/home/u824499466/domains/ews.simlearningtech.com/public_html','https://ews.simlearningtech.com/1741886027_487444.php','send:ok','inbox','2025-03-13 17:26:47','IMAPKEY-2976-1741888347'),(2977,'/home/u824499466/domains/simlearningtech.com/public_html','https://simlearningtech.com/1741886027_487444.php','send:ok','inbox','2025-03-13 17:26:47','IMAPKEY-2977-1741888348'),(2978,'/home/u760091328/domains/mitrabusinesssolution.com/public_html','https://mitrabusinesssolution.com/1741886027_487444.php','send:ok','inbox','2025-03-13 17:26:55','IMAPKEY-2978-1741888349'),(2979,'/home/u366254976/domains/ivonemoser.com.br/public_html','https://ivonemoser.com.br/1741886027_487444.php','send:ok','inbox','2025-03-13 17:26:59','IMAPKEY-2979-1741888349'),(2980,'/home/u287068948/domains/dalecuador.com/public_html','https://dalecuador.com/1741886027_487444.php','send:ok','inbox','2025-03-13 17:27:08','IMAPKEY-2980-1741888350'),(2981,'/home/u287068948/domains/plugandrive.com/public_html','https://plugandrive.com/1741886027_487444.php','send:ok','inbox','2025-03-13 17:27:08','IMAPKEY-2981-1741888351'),(2982,'/home/u287068948/domains/support.dalecuador.com/public_html','https://support.dalecuador.com/1741886027_487444.php','send:ok','inbox','2025-03-13 17:27:08','IMAPKEY-2982-1741888352'),(2983,'/home/herocom/domains/hero78.com/public_html','https://hero78.com/1741886027_487444.php','send:ok','spam','2025-03-13 17:27:27','IMAPKEY-2983-1741888353'),(2984,'/home/u628901829/domains/smvalot.com/public_html','https://smvalot.com/1741886027_487444.php','send:ok','inbox','2025-03-13 17:27:43','IMAPKEY-2984-1741888353'),(2986,'/home/u897829864/domains/clinicalpharmacycourses.com/public_html','https://clinicalpharmacycourses.com/1741886027_487444.php','send:ok','inbox','2025-03-13 17:28:07','IMAPKEY-2986-1741888354'),(2987,'/home/u897829864/domains/petscaremart.com/public_html','https://petscaremart.com/1741886027_487444.php','send:ok','inbox','2025-03-13 17:28:07','IMAPKEY-2987-1741888355'),(2988,'/home/u897829864/domains/speedcomputers.ca/public_html','https://speedcomputers.ca/1741886027_487444.php','send:ok','inbox','2025-03-13 17:28:07','IMAPKEY-2988-1741888356'),(2989,'/home/u897829864/domains/successrecruitmentservices.org/public_html','https://successrecruitmentservices.org/1741886027_487444.php','send:ok','inbox','2025-03-13 17:28:07','IMAPKEY-2989-1741888357'),(2991,'/home/u126508451/domains/banquetsindia.com/public_html','https://banquetsindia.com/1741886027_487444.php','send:ok','inbox','2025-03-13 17:28:46','IMAPKEY-2991-1741888358'),(2992,'/home/u126508451/domains/brickandwalls.com/public_html','https://brickandwalls.com/1741886027_487444.php','send:ok','inbox','2025-03-13 17:28:46','IMAPKEY-2992-1741888359'),(2993,'/home/u126508451/domains/darkviolet-chinchilla-217512.hostingersite.com/public_html','https://darkviolet-chinchilla-217512.hostingersite.com/1741886027_487444.php','send:ok','inbox','2025-03-13 17:28:46','IMAPKEY-2993-1741888360'),(2994,'/home/u126508451/domains/fresherskiduniya.com/public_html','https://fresherskiduniya.com/1741886027_487444.php','send:ok','inbox','2025-03-13 17:28:46','IMAPKEY-2994-1741888361'),(2995,'/home/u126508451/domains/jobzz24.com/public_html','https://jobzz24.com/1741886027_487444.php','send:ok','inbox','2025-03-13 17:28:46','IMAPKEY-2995-1741888362'),(2996,'/home/u126508451/domains/olivedrab-curlew-226623.hostingersite.com/public_html','https://olivedrab-curlew-226623.hostingersite.com/1741886027_487444.php','send:ok','inbox','2025-03-13 17:28:46','IMAPKEY-2996-1741888363'),(2997,'/home/u126508451/domains/red-hedgehog-231918.hostingersite.com/public_html','https://red-hedgehog-231918.hostingersite.com/1741886027_487444.php','send:ok','inbox','2025-03-13 17:28:46','IMAPKEY-2997-1741888364'),(2998,'/home/u126508451/domains/saindiaconsultancies.com/public_html','https://saindiaconsultancies.com/1741886027_487444.php','send:ok','inbox','2025-03-13 17:28:46','IMAPKEY-2998-1741888365'),(2999,'/home/u164041021/domains/amlaango.com/public_html','https://amlaango.com/1741886027_487444.php','send:ok','spam','2025-03-13 17:29:00','IMAPKEY-2999-1741888365'),(3000,'/home/u164041021/domains/astrodeep.co.in/public_html','https://astrodeep.co.in/1741886027_487444.php','send:ok','spam','2025-03-13 17:29:00','IMAPKEY-3000-1741888366'),(3001,'/home/u164041021/domains/devbhumiuk.in/public_html','https://devbhumiuk.in/1741886027_487444.php','send:ok','spam','2025-03-13 17:29:00','IMAPKEY-3001-1741888367'),(3002,'/home/u164041021/domains/divyavaani.com/public_html','https://divyavaani.com/1741886027_487444.php','send:ok','spam','2025-03-13 17:29:00','IMAPKEY-3002-1741888368'),(3003,'/home/u164041021/domains/pranitagarg.life/public_html','https://pranitagarg.life/1741886027_487444.php','send:ok','spam','2025-03-13 17:29:00','IMAPKEY-3003-1741888368'),(3004,'/home/u164041021/domains/sheetalgyan.in/public_html','https://sheetalgyan.in/1741886027_487444.php','send:ok','spam','2025-03-13 17:29:00','IMAPKEY-3004-1741888369'),(3005,'/home/u164041021/domains/silphony.com/public_html','https://silphony.com/1741886027_487444.php','send:ok','spam','2025-03-13 17:29:00','IMAPKEY-3005-1741888370'),(3006,'/home/u164041021/domains/wowcreater.com/public_html','https://wowcreater.com/1741886027_487444.php','send:ok','spam','2025-03-13 17:29:00','IMAPKEY-3006-1741888370'),(3007,'/home/u172431165/domains/atabala.az/public_html','https://atabala.az/1741886027_487444.php','send:ok','spam','2025-03-13 17:29:16','IMAPKEY-3007-1741888371'),(3008,'/home/u172431165/domains/azeribal.az/public_html','https://azeribal.az/1741886027_487444.php','send:ok','spam','2025-03-13 17:29:16','IMAPKEY-3008-1741888371'),(3009,'/home/u172431165/domains/azqaz.az/public_html','https://azqaz.az/1741886027_487444.php','send:ok','spam','2025-03-13 17:29:16','IMAPKEY-3009-1741888371'),(3010,'/home/u172431165/domains/bakimemarliq.az/public_html','https://bakimemarliq.az/1741886027_487444.php','send:ok','spam','2025-03-13 17:29:16','IMAPKEY-3010-1741888372'),(3011,'/home/u172431165/domains/beautytofiq.com/public_html','https://beautytofiq.com/1741886027_487444.php','send:ok','spam','2025-03-13 17:29:16','IMAPKEY-3011-1741888372'),(3012,'/home/u172431165/domains/crystalgroup.az/public_html','https://crystalgroup.az/1741886027_487444.php','send:ok','spam','2025-03-13 17:29:16','IMAPKEY-3012-1741888373'),(3013,'/home/u172431165/domains/dayaq.org.az/public_html','https://dayaq.org.az/1741886027_487444.php','send:ok','spam','2025-03-13 17:29:16','IMAPKEY-3013-1741888373'),(3014,'/home/u172431165/domains/dsg.az/public_html','https://dsg.az/1741886027_487444.php','send:ok','spam','2025-03-13 17:29:16','IMAPKEY-3014-1741888374'),(3015,'/home/u172431165/domains/endlessideas.az/public_html','https://endlessideas.az/1741886027_487444.php','send:ok','spam','2025-03-13 17:29:16','IMAPKEY-3015-1741888374'),(3018,'/home/u692528884/domains/academycoaching.online/public_html','https://academycoaching.online/1741886027_487444.php','send:ok','inbox','2025-03-13 17:30:11','IMAPKEY-3018-1741888374'),(3019,'/home/u692528884/domains/elpregonerodeldarien.com/public_html','https://elpregonerodeldarien.com/1741886027_487444.php','send:ok','inbox','2025-03-13 17:30:11','IMAPKEY-3019-1741888375'),(3020,'/home/u692528884/domains/fedeplaur.site/public_html','https://fedeplaur.site/1741886027_487444.php','send:ok','inbox','2025-03-13 17:30:11','IMAPKEY-3020-1741888377'),(3021,'/home/u692528884/domains/fugranjehova.com/public_html','https://fugranjehova.com/1741886027_487444.php','send:ok','inbox','2025-03-13 17:30:11','IMAPKEY-3021-1741888378'),(3022,'/home/u692528884/domains/karkazas.com/public_html','https://karkazas.com/1741886027_487444.php','send:ok','inbox','2025-03-13 17:30:11','IMAPKEY-3022-1741888379'),(3023,'/home/u692528884/domains/lostenconstrucciones.com/public_html','https://lostenconstrucciones.com/1741886027_487444.php','send:ok','inbox','2025-03-13 17:30:11','IMAPKEY-3023-1741888380'),(3024,'/home/u692528884/domains/marketingbbc.com/public_html','https://marketingbbc.com/1741886027_487444.php','send:ok','inbox','2025-03-13 17:30:11','IMAPKEY-3024-1741888381'),(3025,'/home/u692528884/domains/newscoin.tech/public_html','https://newscoin.tech/1741886027_487444.php','send:ok','inbox','2025-03-13 17:30:11','IMAPKEY-3025-1741888383'),(3026,'/home/u692528884/domains/opiniondewilmarjaramillovelasquez.site/public_html','https://opiniondewilmarjaramillovelasquez.site/1741886027_487444.php','send:ok','inbox','2025-03-13 17:30:11','IMAPKEY-3026-1741888384'),(3028,'/home/u692528884/domains/rentayventa.site/public_html','https://rentayventa.site/1741886027_487444.php','send:ok','inbox','2025-03-13 17:30:11','IMAPKEY-3028-1741888385'),(3034,'/home/u708814867/domains/digitalounge.agency/public_html','https://digitalounge.agency/1741886027_487444.php','send:ok','inbox','2025-03-13 17:30:25','IMAPKEY-3034-1741888386'),(3037,'/home/u708814867/domains/fuzionspa.com/public_html','https://fuzionspa.com/1741886027_487444.php','send:ok','inbox','2025-03-13 17:30:25','IMAPKEY-3037-1741888387'),(3043,'/home/u708814867/domains/shahrozlimo.com/public_html','https://shahrozlimo.com/1741886027_487444.php','send:ok','spam','2025-03-13 17:30:25','IMAPKEY-3043-1741888388'),(3044,'/home/u172431165/domains/atabala.az/public_html','https://atabala.az/1741885889_487444.php','send:ok','spam','2025-03-13 17:30:48','IMAPKEY-3044-1741888389'),(3045,'/home/u172431165/domains/azeribal.az/public_html','https://azeribal.az/1741885889_487444.php','send:ok','spam','2025-03-13 17:30:48','IMAPKEY-3045-1741888390'),(3046,'/home/u172431165/domains/azqaz.az/public_html','https://azqaz.az/1741885889_487444.php','send:ok','spam','2025-03-13 17:30:48','IMAPKEY-3046-1741888390'),(3047,'/home/u172431165/domains/bakimemarliq.az/public_html','https://bakimemarliq.az/1741885889_487444.php','send:ok','spam','2025-03-13 17:30:48','IMAPKEY-3047-1741888390'),(3048,'/home/u172431165/domains/beautytofiq.com/public_html','https://beautytofiq.com/1741885889_487444.php','send:ok','spam','2025-03-13 17:30:48','IMAPKEY-3048-1741888390'),(3049,'/home/u172431165/domains/crystalgroup.az/public_html','https://crystalgroup.az/1741885889_487444.php','send:ok','spam','2025-03-13 17:30:48','IMAPKEY-3049-1741888391'),(3050,'/home/u172431165/domains/dayaq.org.az/public_html','https://dayaq.org.az/1741885889_487444.php','send:ok','spam','2025-03-13 17:30:48','IMAPKEY-3050-1741888391'),(3051,'/home/u172431165/domains/dsg.az/public_html','https://dsg.az/1741885889_487444.php','send:ok','spam','2025-03-13 17:30:48','IMAPKEY-3051-1741888391'),(3052,'/home/u172431165/domains/endlessideas.az/public_html','https://endlessideas.az/1741885889_487444.php','send:ok','spam','2025-03-13 17:30:48','IMAPKEY-3052-1741888391'),(3054,'/home/u301008975/domains/coachbuscharters.com/public_html','https://coachbuscharters.com/1741886027_487444.php','send:ok','inbox','2025-03-13 17:31:06','IMAPKEY-3054-1741888392'),(3055,'/home/u301008975/domains/limobuscharter.com/public_html','https://limobuscharter.com/1741886027_487444.php','send:ok','inbox','2025-03-13 17:31:06','IMAPKEY-3055-1741888393'),(3056,'/home/u301008975/domains/limovanrentals.com/public_html','https://limovanrentals.com/1741886027_487444.php','send:ok','inbox','2025-03-13 17:31:06','IMAPKEY-3056-1741888394'),(3057,'/home/u301008975/domains/nyclimolink.com/public_html','https://nyclimolink.com/1741886027_487444.php','send:ok','inbox','2025-03-13 17:31:06','IMAPKEY-3057-1741888395'),(3058,'/home/u301008975/domains/partybuscharter.online/public_html','https://partybuscharter.online/1741886027_487444.php','send:ok','inbox','2025-03-13 17:31:06','IMAPKEY-3058-1741888396'),(3059,'/home/u301008975/domains/partybusrental.online/public_html','https://partybusrental.online/1741886027_487444.php','send:ok','inbox','2025-03-13 17:31:06','IMAPKEY-3059-1741888397'),(3060,'/home/u301008975/domains/punctualexpress.com/public_html','https://punctualexpress.com/1741886027_487444.php','send:ok','inbox','2025-03-13 17:31:06','IMAPKEY-3060-1741888398'),(3062,'/home/u301008975/domains/punctualtransport.com/public_html','https://punctualtransport.com/1741886027_487444.php','send:ok','inbox','2025-03-13 17:31:06','IMAPKEY-3062-1741888399'),(3063,'/home/u301008975/domains/sprinterlimorental.com/public_html','https://sprinterlimorental.com/1741886027_487444.php','send:ok','inbox','2025-03-13 17:31:06','IMAPKEY-3063-1741888400'),(3064,'/home/u301008975/domains/sprinterroadshows.com/public_html','https://sprinterroadshows.com/1741886027_487444.php','send:ok','inbox','2025-03-13 17:31:06','IMAPKEY-3064-1741888401'),(3065,'/home/u435312536/domains/alwynjose.com/public_html','https://alwynjose.com/1741886027_487444.php','send:ok','inbox','2025-03-13 17:32:03','IMAPKEY-3065-1741888402'),(3066,'/home/u435312536/domains/arqitsolutions.com.au/public_html','https://arqitsolutions.com.au/1741886027_487444.php','send:ok','spam','2025-03-13 17:32:03','IMAPKEY-3066-1741888402'),(3068,'/home/u435312536/domains/casual-jobs.com/public_html','https://casual-jobs.com/1741886027_487444.php','send:ok','inbox','2025-03-13 17:32:03','IMAPKEY-3068-1741888403'),(3069,'/home/u435312536/domains/cryptooze.com/public_html','https://cryptooze.com/1741886027_487444.php','send:ok','inbox','2025-03-13 17:32:03','IMAPKEY-3069-1741888405'),(3070,'/home/u435312536/domains/just4horror.com/public_html','https://just4horror.com/1741886027_487444.php','send:ok','inbox','2025-03-13 17:32:03','IMAPKEY-3070-1741888405'),(3071,'/home/u435312536/domains/movieslogue.com/public_html','https://movieslogue.com/1741886027_487444.php','send:ok','spam','2025-03-13 17:32:03','IMAPKEY-3071-1741888407'),(3072,'/home/u435312536/domains/srpropellers.com/public_html','https://srpropellers.com/1741886027_487444.php','send:ok','inbox','2025-03-13 17:32:03','IMAPKEY-3072-1741888408'),(3073,'/home/u435312536/domains/tailbonetreatment.com/public_html','https://tailbonetreatment.com/1741886027_487444.php','send:ok','inbox','2025-03-13 17:32:03','IMAPKEY-3073-1741888409'),(3074,'/home/u435312536/domains/theinformedsheep.com/public_html','https://theinformedsheep.com/1741886027_487444.php','send:ok','spam','2025-03-13 17:32:03','IMAPKEY-3074-1741888410'),(3076,'/home/u435312536/domains/tiny-link.com/public_html','https://tiny-link.com/1741886027_487444.php','send:ok','spam','2025-03-13 17:32:03','IMAPKEY-3076-1741888410'),(3077,'/home/u435312536/domains/ty-lk.com/public_html','https://ty-lk.com/1741886027_487444.php','send:ok','spam','2025-03-13 17:32:03','IMAPKEY-3077-1741888411'),(3078,'/home/u947293740/domains/aaglassng.com/public_html','https://aaglassng.com/1741885889_487444.php','send:ok','spam','2025-03-13 17:32:07','IMAPKEY-3078-1741888412'),(3079,'/home/u947293740/domains/achoruassociates.org/public_html','https://achoruassociates.org/1741885889_487444.php','send:ok','spam','2025-03-13 17:32:07','IMAPKEY-3079-1741888412'),(3080,'/home/u947293740/domains/anabaptistpeacecenter.com/public_html','https://anabaptistpeacecenter.com/1741885889_487444.php','send:ok','spam','2025-03-13 17:32:07','IMAPKEY-3080-1741888412'),(3081,'/home/u947293740/domains/csonetmade.org/public_html','https://csonetmade.org/1741885889_487444.php','send:ok','spam','2025-03-13 17:32:07','IMAPKEY-3081-1741888413'),(3083,'/home/u947293740/domains/elitegroupng.com/public_html','https://elitegroupng.com/1741885889_487444.php','send:ok','spam','2025-03-13 17:32:07','IMAPKEY-3083-1741888413'),(3084,'/home/u947293740/domains/faicltd.com/public_html','https://faicltd.com/1741885889_487444.php','send:ok','spam','2025-03-13 17:32:07','IMAPKEY-3084-1741888413'),(3085,'/home/u947293740/domains/firstrateattorneys.com/public_html','https://firstrateattorneys.com/1741885889_487444.php','send:ok','spam','2025-03-13 17:32:07','IMAPKEY-3085-1741888414'),(3088,'/home/u947293740/domains/hudsondekker.com/public_html','https://hudsondekker.com/1741885889_487444.php','send:ok','spam','2025-03-13 17:32:07','IMAPKEY-3088-1741888414'),(3089,'/home/u947293740/domains/itatspharmacia.com/public_html','https://itatspharmacia.com/1741885889_487444.php','send:ok','spam','2025-03-13 17:32:07','IMAPKEY-3089-1741888414'),(3090,'/home/u947293740/domains/leventisfoundation.org.ng/public_html','https://leventisfoundation.org.ng/1741885889_487444.php','send:ok','spam','2025-03-13 17:32:07','IMAPKEY-3090-1741888415'),(3091,'/home/u947293740/domains/maitamaarch.com/public_html','https://maitamaarch.com/1741885889_487444.php','send:ok','spam','2025-03-13 17:32:07','IMAPKEY-3091-1741888415'),(3092,'/home/u947293740/domains/romgat.com/public_html','https://romgat.com/1741885889_487444.php','send:ok','spam','2025-03-13 17:32:08','IMAPKEY-3092-1741888415'),(3093,'/home/u947293740/domains/vynedresa.com/public_html','https://vynedresa.com/1741885889_487444.php','send:ok','spam','2025-03-13 17:32:08','IMAPKEY-3093-1741888416'),(3094,'/home/u947293740/domains/wali-uwais.com/public_html','https://wali-uwais.com/1741885889_487444.php','send:ok','spam','2025-03-13 17:32:08','IMAPKEY-3094-1741888416'),(3095,'/home/u363806529/domains/activateweb.org/public_html','https://activateweb.org/1741886027_487444.php','send:ok','inbox','2025-03-13 17:33:16','IMAPKEY-3095-1741888417'),(3096,'/home/u363806529/domains/ahorrayvivemejor.es/public_html','https://ahorrayvivemejor.es/1741886027_487444.php','send:ok','inbox','2025-03-13 17:33:16','IMAPKEY-3096-1741888417'),(3097,'/home/u363806529/domains/alegrameeldia.org/public_html','https://alegrameeldia.org/1741886027_487444.php','send:ok','inbox','2025-03-13 17:33:16','IMAPKEY-3097-1741888418'),(3098,'/home/u363806529/domains/elchollo.info/public_html','https://elchollo.info/1741886027_487444.php','send:ok','inbox','2025-03-13 17:33:16','IMAPKEY-3098-1741888418'),(3099,'/home/u363806529/domains/elchollo.org/public_html','https://elchollo.org/1741886027_487444.php','send:ok','inbox','2025-03-13 17:33:16','IMAPKEY-3099-1741888419'),(3100,'/home/u363806529/domains/elconseguidor.es/public_html','https://elconseguidor.es/1741886027_487444.php','send:ok','inbox','2025-03-13 17:33:16','IMAPKEY-3100-1741888420'),(3101,'/home/u363806529/domains/elconseguidor.eu/public_html','https://elconseguidor.eu/1741886027_487444.php','send:ok','inbox','2025-03-13 17:33:16','IMAPKEY-3101-1741888420'),(3102,'/home/u363806529/domains/elconseguidor.org/public_html','https://elconseguidor.org/1741886027_487444.php','send:ok','inbox','2025-03-13 17:33:16','IMAPKEY-3102-1741888421'),(3103,'/home/u363806529/domains/lolasaavedra.org/public_html','https://lolasaavedra.org/1741886027_487444.php','send:ok','inbox','2025-03-13 17:33:16','IMAPKEY-3103-1741888421'),(3104,'/home/u363806529/domains/lolawebs.com/public_html','https://lolawebs.com/1741886027_487444.php','send:ok','inbox','2025-03-13 17:33:16','IMAPKEY-3104-1741888422'),(3105,'/home/u363806529/domains/megajuegos.eu/public_html','https://megajuegos.eu/1741886027_487444.php','send:ok','spam','2025-03-13 17:33:16','IMAPKEY-3105-1741888422'),(3106,'/home/u363806529/domains/megajuegos.org/public_html','https://megajuegos.org/1741886027_487444.php','send:ok','spam','2025-03-13 17:33:16','IMAPKEY-3106-1741888423'),(3107,'/home/u363806529/domains/mejoratuvida.es/public_html','https://mejoratuvida.es/1741886027_487444.php','send:ok','spam','2025-03-13 17:33:16','IMAPKEY-3107-1741888423'),(3108,'/home/u363806529/domains/mejoratuvida.eu/public_html','https://mejoratuvida.eu/1741886027_487444.php','send:ok','spam','2025-03-13 17:33:16','IMAPKEY-3108-1741888424'),(3109,'/home/u363806529/domains/mejorprecio.eu/public_html','https://mejorprecio.eu/1741886027_487444.php','send:ok','spam','2025-03-13 17:33:16','IMAPKEY-3109-1741888424'),(3110,'/home/u363806529/domains/pendientesdeti.es/public_html','https://pendientesdeti.es/1741886027_487444.php','send:ok','spam','2025-03-13 17:33:16','IMAPKEY-3110-1741888424'),(3111,'/home/u363806529/domains/sientetemejor.com/public_html','https://sientetemejor.com/1741886027_487444.php','send:ok','spam','2025-03-13 17:33:16','IMAPKEY-3111-1741888425'),(3112,'/home/u363806529/domains/sientetemejor.es/public_html','https://sientetemejor.es/1741886027_487444.php','send:ok','spam','2025-03-13 17:33:16','IMAPKEY-3112-1741888425'),(3113,'/home/u947293740/domains/aaglassng.com/public_html','https://aaglassng.com/1741886027_487444.php','send:ok','spam','2025-03-13 17:33:24','IMAPKEY-3113-1741888425'),(3114,'/home/u947293740/domains/achoruassociates.org/public_html','https://achoruassociates.org/1741886027_487444.php','send:ok','spam','2025-03-13 17:33:24','IMAPKEY-3114-1741888426'),(3115,'/home/u947293740/domains/anabaptistpeacecenter.com/public_html','https://anabaptistpeacecenter.com/1741886027_487444.php','send:ok','spam','2025-03-13 17:33:24','IMAPKEY-3115-1741888426'),(3116,'/home/u947293740/domains/csonetmade.org/public_html','https://csonetmade.org/1741886027_487444.php','send:ok','spam','2025-03-13 17:33:24','IMAPKEY-3116-1741888426'),(3119,'/home/u947293740/domains/elitegroupng.com/public_html','https://elitegroupng.com/1741886027_487444.php','send:ok','spam','2025-03-13 17:33:24','IMAPKEY-3119-1741888426'),(3120,'/home/u947293740/domains/faicltd.com/public_html','https://faicltd.com/1741886027_487444.php','send:ok','spam','2025-03-13 17:33:24','IMAPKEY-3120-1741888426'),(3121,'/home/u947293740/domains/firstrateattorneys.com/public_html','https://firstrateattorneys.com/1741886027_487444.php','send:ok','spam','2025-03-13 17:33:24','IMAPKEY-3121-1741888427'),(3123,'/home/u947293740/domains/golfandtourassociation.com/public_html','https://golfandtourassociation.com/1741886027_487444.php','send:ok','spam','2025-03-13 17:33:24','IMAPKEY-3123-1741888427'),(3125,'/home/u947293740/domains/hudsondekker.com/public_html','https://hudsondekker.com/1741886027_487444.php','send:ok','spam','2025-03-13 17:33:24','IMAPKEY-3125-1741888427'),(3126,'/home/u947293740/domains/leventisfoundation.org.ng/public_html','https://leventisfoundation.org.ng/1741886027_487444.php','send:ok','spam','2025-03-13 17:33:24','IMAPKEY-3126-1741888428'),(3127,'/home/u947293740/domains/maitamaarch.com/public_html','https://maitamaarch.com/1741886027_487444.php','send:ok','spam','2025-03-13 17:33:24','IMAPKEY-3127-1741888428'),(3128,'/home/u947293740/domains/nonrevint.com/public_html','https://nonrevint.com/1741886027_487444.php','send:ok','spam','2025-03-13 17:33:24','IMAPKEY-3128-1741888428'),(3129,'/home/u947293740/domains/riotecng.com/public_html','https://riotecng.com/1741886027_487444.php','send:ok','spam','2025-03-13 17:33:24','IMAPKEY-3129-1741888428'),(3130,'/home/u947293740/domains/romgat.com/public_html','https://romgat.com/1741886027_487444.php','send:ok','spam','2025-03-13 17:33:24','IMAPKEY-3130-1741888429'),(3131,'/home/u947293740/domains/spacesystems.ng/public_html','https://spacesystems.ng/1741886027_487444.php','send:ok','spam','2025-03-13 17:33:24','IMAPKEY-3131-1741888429'),(3132,'/home/u947293740/domains/vynedresa.com/public_html','https://vynedresa.com/1741886027_487444.php','send:ok','spam','2025-03-13 17:33:24','IMAPKEY-3132-1741888429'),(3133,'/home/u947293740/domains/wali-uwais.com/public_html','https://wali-uwais.com/1741886027_487444.php','send:ok','spam','2025-03-13 17:33:24','IMAPKEY-3133-1741888430'),(3135,'/home/u405679711/domains/canadianprecisionhomes.ca/public_html','https://canadianprecisionhomes.ca/1741886027_487444.php','send:ok','spam','2025-03-13 17:33:51','IMAPKEY-3135-1741888430'),(3137,'/home/u405679711/domains/dealership-leads.com/public_html','https://dealership-leads.com/1741886027_487444.php','send:ok','spam','2025-03-13 17:33:51','IMAPKEY-3137-1741888431'),(3138,'/home/u405679711/domains/fivebestrated.co/public_html','https://fivebestrated.co/1741886027_487444.php','send:ok','spam','2025-03-13 17:33:51','IMAPKEY-3138-1741888431'),(3140,'/home/u405679711/domains/giuseppegaspari.com/public_html','https://giuseppegaspari.com/1741886027_487444.php','send:ok','spam','2025-03-13 17:33:51','IMAPKEY-3140-1741888432'),(3141,'/home/u405679711/domains/justingaspari.com/public_html','https://justingaspari.com/1741886027_487444.php','send:ok','spam','2025-03-13 17:33:51','IMAPKEY-3141-1741888433'),(3142,'/home/u405679711/domains/missionridgecourtenay.com/public_html','https://missionridgecourtenay.com/1741886027_487444.php','send:ok','spam','2025-03-13 17:33:51','IMAPKEY-3142-1741888434'),(3143,'/home/u405679711/domains/myokgnhome.com/public_html','https://myokgnhome.com/1741886027_487444.php','send:ok','spam','2025-03-13 17:33:51','IMAPKEY-3143-1741888435'),(3145,'/home/u405679711/domains/nocarpets.com/public_html','https://nocarpets.com/1741886027_487444.php','send:ok','spam','2025-03-13 17:33:51','IMAPKEY-3145-1741888436'),(3146,'/home/u405679711/domains/okanaganpatiocovers.ca/public_html','https://okanaganpatiocovers.ca/1741886027_487444.php','send:ok','spam','2025-03-13 17:33:51','IMAPKEY-3146-1741888437'),(3147,'/home/u405679711/domains/okgnculture.com/public_html','https://okgnculture.com/1741886027_487444.php','send:ok','spam','2025-03-13 17:33:51','IMAPKEY-3147-1741888437'),(3148,'/home/u405679711/domains/oofdigital.co/public_html','https://oofdigital.co/1741886027_487444.php','send:ok','spam','2025-03-13 17:33:51','IMAPKEY-3148-1741888438'),(3151,'/home/u405679711/domains/stretchingforpickleball.com/public_html','https://stretchingforpickleball.com/1741886027_487444.php','send:ok','spam','2025-03-13 17:33:51','IMAPKEY-3151-1741888439'),(3152,'/home/u405679711/domains/sweetfinishes.ca/public_html','https://sweetfinishes.ca/1741886027_487444.php','send:ok','spam','2025-03-13 17:33:51','IMAPKEY-3152-1741888440'),(3153,'/home/u405679711/domains/tarasport.com/public_html','https://tarasport.com/1741886027_487444.php','send:ok','spam','2025-03-13 17:33:51','IMAPKEY-3153-1741888441'),(3155,'/home/u651299439/domains/365daysdeal.com/public_html','https://365daysdeal.com/1741886027_487444.php','send:ok','spam','2025-03-13 17:44:03','IMAPKEY-3155-1741888441'),(3156,'/home/u651299439/domains/adarshmarketing.com/public_html','https://adarshmarketing.com/1741886027_487444.php','send:ok','spam','2025-03-13 17:44:03','IMAPKEY-3156-1741888442'),(3157,'/home/u651299439/domains/adnanroofings.com/public_html','https://adnanroofings.com/1741886027_487444.php','send:ok','spam','2025-03-13 17:44:03','IMAPKEY-3157-1741888443'),(3158,'/home/u651299439/domains/allaboutlove.in/public_html','https://allaboutlove.in/1741886027_487444.php','send:ok','spam','2025-03-13 17:44:03','IMAPKEY-3158-1741888443'),(3159,'/home/u651299439/domains/amplifyhk.com/public_html','https://amplifyhk.com/1741886027_487444.php','send:ok','spam','2025-03-13 17:44:03','IMAPKEY-3159-1741888444'),(3161,'/home/u651299439/domains/anyonya.com/public_html','https://anyonya.com/1741886027_487444.php','send:ok','spam','2025-03-13 17:44:03','IMAPKEY-3161-1741888445'),(3162,'/home/u651299439/domains/binaryhand.com/public_html','https://binaryhand.com/1741886027_487444.php','send:ok','spam','2025-03-13 17:44:03','IMAPKEY-3162-1741888445'),(3164,'/home/u651299439/domains/ciroindia.com/public_html','https://ciroindia.com/1741886027_487444.php','send:ok','spam','2025-03-13 17:44:03','IMAPKEY-3164-1741888446'),(3165,'/home/u651299439/domains/craftscouncilofindia.in/public_html','https://craftscouncilofindia.in/1741886027_487444.php','send:ok','spam','2025-03-13 17:44:03','IMAPKEY-3165-1741888446'),(3166,'/home/u651299439/domains/designboat.co.in/public_html','https://designboat.co.in/1741886027_487444.php','send:ok','spam','2025-03-13 17:44:03','IMAPKEY-3166-1741888447'),(3167,'/home/u651299439/domains/digitfellas.com/public_html','https://digitfellas.com/1741886027_487444.php','send:ok','spam','2025-03-13 17:44:03','IMAPKEY-3167-1741888447'),(3168,'/home/u651299439/domains/exitflex.ch/public_html','https://exitflex.ch/1741886027_487444.php','send:ok','spam','2025-03-13 17:44:03','IMAPKEY-3168-1741888448'),(3169,'/home/u651299439/domains/exitflexabrasives.com/public_html','https://exitflexabrasives.com/1741886027_487444.php','send:ok','spam','2025-03-13 17:44:03','IMAPKEY-3169-1741888449'),(3170,'/home/u651299439/domains/fabiofurnishings.com/public_html','https://fabiofurnishings.com/1741886027_487444.php','send:ok','spam','2025-03-13 17:44:03','IMAPKEY-3170-1741888449'),(3172,'/home/u651299439/domains/foaid.com/public_html','https://foaid.com/1741886027_487444.php','send:ok','spam','2025-03-13 17:44:03','IMAPKEY-3172-1741888450'),(3174,'/home/u651299439/domains/homartz.com/public_html','https://homartz.com/1741886027_487444.php','send:ok','spam','2025-03-13 17:44:03','IMAPKEY-3174-1741888450'),(3175,'/home/u651299439/domains/htcapital.group/public_html','https://htcapital.group/1741886027_487444.php','send:ok','spam','2025-03-13 17:44:03','IMAPKEY-3175-1741888451'),(3176,'/home/u651299439/domains/impact-basketball.com/public_html','https://impact-basketball.com/1741886027_487444.php','send:ok','spam','2025-03-13 17:44:03','IMAPKEY-3176-1741888452'),(3177,'/home/u651299439/domains/jmbjawa.com/public_html','https://jmbjawa.com/1741886027_487444.php','send:ok','spam','2025-03-13 17:44:03','IMAPKEY-3177-1741888452'),(3178,'/home/u651299439/domains/jmbkawasaki.com/public_html','https://jmbkawasaki.com/1741886027_487444.php','send:ok','spam','2025-03-13 17:44:03','IMAPKEY-3178-1741888453'),(3179,'/home/u651299439/domains/jmbpiaggio.com/public_html','https://jmbpiaggio.com/1741886027_487444.php','send:ok','spam','2025-03-13 17:44:03','IMAPKEY-3179-1741888453'),(3181,'/home/u651299439/domains/krishvend.com/public_html','https://krishvend.com/1741886027_487444.php','send:ok','spam','2025-03-13 17:44:03','IMAPKEY-3181-1741888454'),(3183,'/home/u651299439/domains/livo.ae/public_html','https://livo.ae/1741886027_487444.php','send:ok','spam','2025-03-13 17:44:03','IMAPKEY-3183-1741888455'),(3184,'/home/u651299439/domains/melange.digitfellas.com/public_html','https://melange.digitfellas.com/1741886027_487444.php','send:ok','spam','2025-03-13 17:44:03','IMAPKEY-3184-1741888455'),(3185,'/home/u651299439/domains/metamorph3dprint.com/public_html','https://metamorph3dprint.com/1741886027_487444.php','send:ok','spam','2025-03-13 17:44:03','IMAPKEY-3185-1741888456'),(3186,'/home/u651299439/domains/midnightblue-walrus-783103.hostingersite.com/public_html','https://midnightblue-walrus-783103.hostingersite.com/1741886027_487444.php','send:ok','spam','2025-03-13 17:44:03','IMAPKEY-3186-1741888456'),(3187,'/home/u651299439/domains/mrpronto.com/public_html','https://mrpronto.com/1741886027_487444.php','send:ok','spam','2025-03-13 17:44:03','IMAPKEY-3187-1741888457'),(3188,'/home/u651299439/domains/multishrink.com/public_html','https://multishrink.com/1741886027_487444.php','send:ok','spam','2025-03-13 17:44:03','IMAPKEY-3188-1741888458'),(3189,'/home/u651299439/domains/paani.org/public_html','https://paani.org/1741886027_487444.php','send:ok','spam','2025-03-13 17:44:03','IMAPKEY-3189-1741888458'),(3190,'/home/u651299439/domains/paletteaffair.in/public_html','https://paletteaffair.in/1741886027_487444.php','send:ok','spam','2025-03-13 17:44:03','IMAPKEY-3190-1741888459'),(3191,'/home/u651299439/domains/polyfit.ae/public_html','https://polyfit.ae/1741886027_487444.php','send:ok','spam','2025-03-13 17:44:03','IMAPKEY-3191-1741888459'),(3192,'/home/u651299439/domains/polyfit.co.in/public_html','https://polyfit.co.in/1741886027_487444.php','send:ok','spam','2025-03-13 17:44:03','IMAPKEY-3192-1741888460'),(3193,'/home/u651299439/domains/polymakabrasives.com/public_html','https://polymakabrasives.com/1741886027_487444.php','send:ok','spam','2025-03-13 17:44:03','IMAPKEY-3193-1741888461'),(3194,'/home/u651299439/domains/preetikumar.com/public_html','https://preetikumar.com/1741886027_487444.php','send:ok','spam','2025-03-13 17:44:03','IMAPKEY-3194-1741888461'),(3195,'/home/u651299439/domains/professionalcatering.in/public_html','https://professionalcatering.in/1741886027_487444.php','send:ok','spam','2025-03-13 17:44:03','IMAPKEY-3195-1741888462'),(3196,'/home/u651299439/domains/projectelevate.in/public_html','https://projectelevate.in/1741886027_487444.php','send:ok','spam','2025-03-13 17:44:03','IMAPKEY-3196-1741888462'),(3197,'/home/u651299439/domains/rathvac.com/public_html','https://rathvac.com/1741886027_487444.php','send:ok','spam','2025-03-13 17:44:03','IMAPKEY-3197-1741888463'),(3198,'/home/u651299439/domains/rccplatinum.com/public_html','https://rccplatinum.com/1741886027_487444.php','send:ok','spam','2025-03-13 17:44:03','IMAPKEY-3198-1741888464'),(3199,'/home/u651299439/domains/rehaansinghi.com/public_html','https://rehaansinghi.com/1741886027_487444.php','send:ok','spam','2025-03-13 17:44:03','IMAPKEY-3199-1741888464'),(3200,'/home/u651299439/domains/retainsmilez.org/public_html','https://retainsmilez.org/1741886027_487444.php','send:ok','spam','2025-03-13 17:44:03','IMAPKEY-3200-1741888465'),(3201,'/home/u651299439/domains/reviews.professionalcatering.in/public_html','https://reviews.professionalcatering.in/1741886027_487444.php','send:ok','spam','2025-03-13 17:44:03','IMAPKEY-3201-1741888465'),(3202,'/home/u651299439/domains/sfprojects.co.in/public_html','https://sfprojects.co.in/1741886027_487444.php','send:ok','spam','2025-03-13 17:44:03','IMAPKEY-3202-1741888466'),(3203,'/home/u651299439/domains/sripaldiamonds.com/public_html','https://sripaldiamonds.com/1741886027_487444.php','send:ok','spam','2025-03-13 17:44:03','IMAPKEY-3203-1741888466'),(3204,'/home/u651299439/domains/stmarysclassof1970.in/public_html','https://stmarysclassof1970.in/1741886027_487444.php','send:ok','spam','2025-03-13 17:44:03','IMAPKEY-3204-1741888467'),(3205,'/home/u651299439/domains/tnapsi.com/public_html','https://tnapsi.com/1741886027_487444.php','send:ok','spam','2025-03-13 17:44:03','IMAPKEY-3205-1741888468'),(3206,'/home/u651299439/domains/trilogue.in/public_html','https://trilogue.in/1741886027_487444.php','send:ok','spam','2025-03-13 17:44:03','IMAPKEY-3206-1741888468'),(3207,'/home/u651299439/domains/tunbridgewellsorthopaedics.com/public_html','https://tunbridgewellsorthopaedics.com/1741886027_487444.php','send:ok','spam','2025-03-13 17:44:03','IMAPKEY-3207-1741888469'),(3208,'/home/u651299439/domains/uniflowcoppertubes.com/public_html','https://uniflowcoppertubes.com/1741886027_487444.php','send:ok','spam','2025-03-13 17:44:03','IMAPKEY-3208-1741888469'),(3209,'/home/u651299439/domains/unionalloys.com.au/public_html','https://unionalloys.com.au/1741886027_487444.php','send:ok','spam','2025-03-13 17:44:03','IMAPKEY-3209-1741888470'),(3210,'/home/u651299439/domains/valtrustcapital.com/public_html','https://valtrustcapital.com/1741886027_487444.php','send:ok','spam','2025-03-13 17:44:03','IMAPKEY-3210-1741888471'),(3211,'/home/u651299439/domains/valtrustpartners.com/public_html','https://valtrustpartners.com/1741886027_487444.php','send:ok','spam','2025-03-13 17:44:03','IMAPKEY-3211-1741888471');

--
-- Table structure for table `job_logs`
--

CREATE TABLE `job_logs` (
  `id` int NOT NULL AUTO_INCREMENT,
  `job_id` varchar(50) NOT NULL,
  `log_text` text NOT NULL,
  `created_at` datetime DEFAULT CURRENT_TIMESTAMP,
  PRIMARY KEY (`id`)
) ENGINE=InnoDB DEFAULT CHARSET=utf8mb4 COLLATE=utf8mb4_0900_ai_ci;

--
-- Dumping data for table `job_logs`
--


--
-- Table structure for table `newsletter_cache`
--

CREATE TABLE `newsletter_cache` (
  `id` int NOT NULL,
  `title` varchar(255) DEFAULT NULL,
  `content` text,
  `sender_name` varchar(255) DEFAULT NULL,
  `sender_email` varchar(255) DEFAULT NULL,
  `recipient_list` varchar(255) DEFAULT NULL,
  `send_rate` int DEFAULT '60',
  `retry_fail_limit` int DEFAULT '5',
  `scheduled_at` datetime DEFAULT NULL,
  PRIMARY KEY (`id`)
) ENGINE=InnoDB DEFAULT CHARSET=utf8mb4 COLLATE=utf8mb4_0900_ai_ci;

--
-- Dumping data for table `newsletter_cache`
--

INSERT INTO `newsletter_cache` VALUES (1,'','','','','default',60,5,NULL);

--
-- Table structure for table `newsletter_sends`
--

CREATE TABLE `newsletter_sends` (
  `id` int NOT NULL AUTO_INCREMENT,
  `newsletter_id` int NOT NULL,
  `email` varchar(255) NOT NULL,
  `final_link` text,
  `status` varchar(50) NOT NULL,
  `sent_at` datetime NOT NULL,
  PRIMARY KEY (`id`)
) ENGINE=InnoDB AUTO_INCREMENT=42 DEFAULT CHARSET=utf8mb4 COLLATE=utf8mb4_0900_ai_ci;

--
-- Dumping data for table `newsletter_sends`
--

INSERT INTO `newsletter_sends` VALUES (1,4,'z.mizrak@johanna-eck-schule.de','https://woodsconstructionpa.com/1741802479_487444.php','ok','2025-03-17 15:33:54'),(2,4,'z.mizrak@johanna-eck-schule.de','https://dope.global/1741802479_487444.php','ok','2025-03-17 15:33:56'),(3,4,'z.mizrak@johanna-eck-schule.de','https://clinicalpharmacycourses.com/1741802479_487444.php','ok','2025-03-17 15:33:58'),(4,4,'z.mizrak@johanna-eck-schule.de','https://petscaremart.com/1741802479_487444.php','ok','2025-03-17 15:34:00'),(5,4,'z.mizrak@johanna-eck-schule.de','https://speedcomputers.ca/1741802479_487444.php','ok','2025-03-17 15:34:02'),(6,4,'z.mizrak@johanna-eck-schule.de','https://theeasylifeco.com/1741802479_487444.php','ok','2025-03-17 15:34:04'),(7,4,'z.mizrak@johanna-eck-schule.de','https://abgtechservices.in/1741802479_487444.php','ok','2025-03-17 15:34:06'),(8,4,'z.mizrak@johanna-eck-schule.de','https://dktraders.in/1741802479_487444.php','ok','2025-03-17 15:34:08'),(9,11,'z.mizrak@johanna-eck-schule.de','https://woodsconstructionpa.com/1741802479_487444.php','fail','2025-03-17 16:19:55'),(10,11,'z.mizrak@johanna-eck-schule.de','https://dope.global/1741802479_487444.php','ok','2025-03-17 16:19:58'),(11,11,'z.mizrak@johanna-eck-schule.de','https://clinicalpharmacycourses.com/1741802479_487444.php','ok','2025-03-17 16:20:01'),(12,11,'z.mizrak@johanna-eck-schule.de','https://petscaremart.com/1741802479_487444.php','ok','2025-03-17 16:20:04'),(13,11,'z.mizrak@johanna-eck-schule.de','https://speedcomputers.ca/1741802479_487444.php','ok','2025-03-17 16:20:07'),(14,11,'z.mizrak@johanna-eck-schule.de','https://theeasylifeco.com/1741802479_487444.php','ok','2025-03-17 16:20:10'),(15,11,'z.mizrak@johanna-eck-schule.de','https://abgtechservices.in/1741802479_487444.php','ok','2025-03-17 16:20:13'),(16,11,'z.mizrak@johanna-eck-schule.de','https://dktraders.in/1741802479_487444.php','ok','2025-03-17 16:20:16'),(17,11,'z.mizrak@johanna-eck-schule.de','https://dope.global/1741802479_487444.php','ok','2025-03-17 16:44:28'),(18,11,'z.mizrak@johanna-eck-schule.de','https://clinicalpharmacycourses.com/1741802479_487444.php','ok','2025-03-17 16:44:31'),(19,11,'z.mizrak@johanna-eck-schule.de','https://petscaremart.com/1741802479_487444.php','ok','2025-03-17 16:44:34'),(20,11,'z.mizrak@johanna-eck-schule.de','https://speedcomputers.ca/1741802479_487444.php','ok','2025-03-17 16:44:37'),(21,11,'z.mizrak@johanna-eck-schule.de','https://theeasylifeco.com/1741802479_487444.php','ok','2025-03-17 16:44:40'),(22,11,'z.mizrak@johanna-eck-schule.de','https://abgtechservices.in/1741802479_487444.php','ok','2025-03-17 16:44:43'),(23,11,'z.mizrak@johanna-eck-schule.de','https://dktraders.in/1741802479_487444.php','ok','2025-03-17 16:44:46'),(24,11,'z.mizrak@johanna-eck-schule.de','https://paduka.shop/1741802479_487444.php','ok','2025-03-17 16:44:49'),(25,11,'z.mizrak@johanna-eck-schule.de','https://dope.global/1741802479_487444.php','ok','2025-03-17 17:04:38'),(26,11,'z.mizrak@johanna-eck-schule.de','https://clinicalpharmacycourses.com/1741802479_487444.php','ok','2025-03-17 17:04:41'),(27,11,'z.mizrak@johanna-eck-schule.de','https://petscaremart.com/1741802479_487444.php','ok','2025-03-17 17:04:44'),(28,11,'z.mizrak@johanna-eck-schule.de','https://speedcomputers.ca/1741802479_487444.php','ok','2025-03-17 17:04:47'),(29,11,'z.mizrak@johanna-eck-schule.de','https://theeasylifeco.com/1741802479_487444.php','ok','2025-03-17 17:04:50'),(30,11,'z.mizrak@johanna-eck-schule.de','https://abgtechservices.in/1741802479_487444.php','ok','2025-03-17 17:04:53'),(31,11,'z.mizrak@johanna-eck-schule.de','https://dktraders.in/1741802479_487444.php','ok','2025-03-17 17:04:56'),(32,11,'z.mizrak@johanna-eck-schule.de','https://paduka.shop/1741802479_487444.php','ok','2025-03-17 17:04:59'),(33,11,'z.mizrak@johanna-eck-schule.de','https://dope.global/1741802479_487444.php','ok','2025-03-17 17:05:01'),(34,11,'z.mizrak@johanna-eck-schule.de','https://clinicalpharmacycourses.com/1741802479_487444.php','ok','2025-03-17 17:05:04'),(35,11,'z.mizrak@johanna-eck-schule.de','https://petscaremart.com/1741802479_487444.php','ok','2025-03-17 17:05:07'),(36,11,'z.mizrak@johanna-eck-schule.de','https://speedcomputers.ca/1741802479_487444.php','ok','2025-03-17 17:05:10'),(37,11,'z.mizrak@johanna-eck-schule.de','https://theeasylifeco.com/1741802479_487444.php','ok','2025-03-17 17:05:13'),(38,11,'z.mizrak@johanna-eck-schule.de','https://abgtechservices.in/1741802479_487444.php','ok','2025-03-17 17:05:15'),(39,11,'z.mizrak@johanna-eck-schule.de','https://dktraders.in/1741802479_487444.php','ok','2025-03-17 17:05:18'),(40,11,'z.mizrak@johanna-eck-schule.de','https://paduka.shop/1741802479_487444.php','ok','2025-03-17 17:05:21'),(41,11,'z.mizrak@johanna-eck-schule.de','https://petscaremart.com/1741804662_487444.php','ok','2025-03-17 17:06:39');

--
-- Table structure for table `newsletters`
--

CREATE TABLE `newsletters` (
  `id` int NOT NULL AUTO_INCREMENT,
  `title` varchar(255) NOT NULL,
  `content` text NOT NULL,
  `sender_name` varchar(255) NOT NULL,
  `sender_email` varchar(255) NOT NULL,
  `recipient_list` varchar(255) NOT NULL,
  `send_rate` int DEFAULT '60',
  `retry_fail_limit` int DEFAULT '5',
  `scheduled_at` datetime DEFAULT NULL,
  `created_at` datetime DEFAULT CURRENT_TIMESTAMP,
  `status` varchar(20) NOT NULL DEFAULT 'new',
  PRIMARY KEY (`id`)
) ENGINE=InnoDB AUTO_INCREMENT=12 DEFAULT CHARSET=utf8mb4 COLLATE=utf8mb4_0900_ai_ci;

--
-- Dumping data for table `newsletters`
--

INSERT INTO `newsletters` VALUES (1,'ddd','<p>ddddd</p>\r\n','pisi','pisisss@gmail.com','wdefault',60,5,NULL,'2025-03-13 05:56:00','new'),(2,'','','','','default',60,5,NULL,'2025-03-13 06:16:17','new'),(3,'testing nataflets','<p>testing nataflets</p>\r\n','testing nataflets','info@export-house.de','default',60,5,NULL,'2025-03-13 13:11:40','done'),(4,'testing nataflets','<p>testing natafletstesting natafletstesting natafletstesting natafletstesting nataflets</p>\r\n','testing nataflets','info@export-house.de','default',60,5,NULL,'2025-03-13 18:06:06','stopped'),(5,'test','<p>test</p>\r\n','s t r a t o','','default',60,5,NULL,'2025-03-17 06:55:29','new'),(6,'weee','qweqwe','qweqwe','info@export-house.de','default',60,5,NULL,'2025-03-17 14:34:16','new'),(7,'','','','','default',60,5,NULL,'2025-03-17 14:34:22','new'),(8,'','','','','default',60,5,NULL,'2025-03-17 14:34:24','new'),(9,'','','','','default',60,5,NULL,'2025-03-17 14:34:25','new'),(10,'','','','','default',60,5,NULL,'2025-03-17 15:27:43','new'),(11,'weee testing2','<p>qweqweqw@{domain}</p>\r\n','S T R A T O','qweqweqw@{domain}','default',30,2,NULL,'2025-03-17 16:19:52','new');

--
-- Table structure for table `recipients`
--

CREATE TABLE `recipients` (
  `id` int NOT NULL AUTO_INCREMENT,
  `email` varchar(255) NOT NULL,
  `list_name` varchar(255) NOT NULL DEFAULT 'default',
  `created_at` datetime DEFAULT CURRENT_TIMESTAMP,
  PRIMARY KEY (`id`)
) ENGINE=InnoDB AUTO_INCREMENT=165 DEFAULT CHARSET=utf8mb4 COLLATE=utf8mb4_0900_ai_ci;

--
-- Dumping data for table `recipients`
--

INSERT INTO `recipients` VALUES (157,'z.mizrak@johanna-eck-schule.de','default','2025-03-17 06:53:25'),(158,'z.mizrak@johanna-eck-schule.de','default','2025-03-17 06:53:25'),(159,'z.mizrak@johanna-eck-schule.de','default','2025-03-17 06:53:25'),(160,'z.mizrak@johanna-eck-schule.de','default','2025-03-17 06:53:25'),(161,'z.mizrak@johanna-eck-schule.de','default','2025-03-17 06:53:25'),(162,'z.mizrak@johanna-eck-schule.de','default','2025-03-17 06:53:25'),(163,'z.mizrak@johanna-eck-schule.de','default','2025-03-17 06:53:25'),(164,'z.mizrak@johanna-eck-schule.de','default','2025-03-17 06:53:25');

--
-- Table structure for table `seed_tests`
--

CREATE TABLE `seed_tests` (
  `id` int NOT NULL AUTO_INCREMENT,
  `infodata_id` int NOT NULL,
  `check_time` datetime DEFAULT CURRENT_TIMESTAMP,
  `result` varchar(50) DEFAULT 'unknown',
  PRIMARY KEY (`id`),
  KEY `infodata_id` (`infodata_id`),
  CONSTRAINT `seed_tests_ibfk_1` FOREIGN KEY (`infodata_id`) REFERENCES `infodata` (`id`)
) ENGINE=InnoDB DEFAULT CHARSET=utf8mb4 COLLATE=utf8mb4_0900_ai_ci;

--
-- Dumping data for table `seed_tests`
--



